{"id":1097,"date":"2019-06-12T20:01:45","date_gmt":"2019-06-12T20:01:45","guid":{"rendered":"http:\/\/coachingmitpferd.de\/wordpress\/?page_id=1097"},"modified":"2026-03-10T16:38:19","modified_gmt":"2026-03-10T16:38:19","slug":"kurs-angebot","status":"publish","type":"page","link":"https:\/\/coachingmitpferd.de\/wordpress\/kurs-angebot\/","title":{"rendered":"Workshop: Kraft tanken mit Pferd"},"content":{"rendered":"\r\n<h2 class=\"wp-block-heading\">Workshop: Kraft tanken mit Pferd.<\/h2>\r\n\r\n\r\n\r\n<div class=\"wp-block-image\">\r\n<figure class=\"aligncenter\"><img loading=\"lazy\" decoding=\"async\" width=\"1024\" height=\"683\" class=\"wp-image-1110\" src=\"http:\/\/coachingmitpferd.de\/wordpress\/wp-content\/uploads\/2019\/06\/BEST8177-1-1024x683.jpg\" alt=\"\" \/><\/figure>\r\n<\/div>\r\n\r\n\r\n\r\n<p><strong>Workshop: Kraft tanken mit Pferd. 10-17h <\/strong><br \/>Lassen Sie sich in der Tiefe ber\u00fchren durch die N\u00e4he zu den Pferden und ihre freundliche Resonanz. Entdecken Sie den Quell der Lebensfreude in der Begegnung mit dem Lebendigen. Dann gewinnt Ihr Alltag an Leichtigkeit und neue Handlungsoptionen treten in Ihr Leben. <em>Werde zu der, die Du sein willst!<\/em><br \/>Inhalt: Stille, sinnliches Wahrnehmen und st\u00e4rkenden Kontakt mit Pferden teilen. K\u00f6rper\u00fcbungen, Achtsamkeit in der Begegnung mit Pferden erfahren. Lebensenergie wecken. Max 8 TN.<\/p>\r\n<p>Leitung: <a href=\"https:\/\/coachingmitpferd.de\/wordpress\/bettina-jellouschek-otto\/\">Bettina Jellouschek-Otto<\/a> und <a href=\"https:\/\/coachingmitpferd.de\/wordpress\/anette-dielmann\/\">Anette Dielmann<\/a><\/p>\r\n<p><strong>Termine:<\/strong><\/p>\r\n<p><strong>25.April 2026, 10-17h<\/strong><\/p>\r\n<p><strong>19.September 2026, 10-17h<br \/><\/strong>Die Termine h\u00e4ngen nicht zusammen und k\u00f6nnen einzeln gebucht werden<\/p>\r\n<p><strong>Ort: Pferdehof Hohenentringen<\/strong><br \/><strong>Kosten: 97,- \u20ac <\/strong>(zzgl. MwSt.) Anmeldung <a href=\"http:\/\/coachingmitpferd.de\/wordpress\/?page_id=12\">hier<\/a><\/p>\r\n\r\n\r\n\r\n<p>&nbsp;<\/p>\r\n\r\n\r\n\r\n<p>&nbsp;<\/p>\r\n\r\n<p><!--EndFragment--><\/p>\r\n<p>&nbsp;<\/p>\r\n\r\n<p>&nbsp;<\/p>\r\n","protected":false},"excerpt":{"rendered":"<p>Workshop: Kraft tanken mit Pferd. Workshop: Kraft tanken mit Pferd. 10-17h Lassen Sie sich in der Tiefe ber\u00fchren durch die N\u00e4he zu den Pferden und ihre freundliche Resonanz. Entdecken Sie den Quell der Lebensfreude in der Begegnung mit dem Lebendigen. &hellip; <a class=\"kt-excerpt-readmore\" href=\"https:\/\/coachingmitpferd.de\/wordpress\/kurs-angebot\/\" aria-label=\"Workshop: Kraft tanken mit Pferd\">Read More<\/a><\/p>\n","protected":false},"author":1,"featured_media":0,"parent":0,"menu_order":0,"comment_status":"closed","ping_status":"closed","template":"","meta":{"footnotes":""},"class_list":["post-1097","page","type-page","status-publish","hentry"],"_links":{"self":[{"href":"https:\/\/coachingmitpferd.de\/wordpress\/wp-json\/wp\/v2\/pages\/1097","targetHints":{"allow":["GET"]}}],"collection":[{"href":"https:\/\/coachingmitpferd.de\/wordpress\/wp-json\/wp\/v2\/pages"}],"about":[{"href":"https:\/\/coachingmitpferd.de\/wordpress\/wp-json\/wp\/v2\/types\/page"}],"author":[{"embeddable":true,"href":"https:\/\/coachingmitpferd.de\/wordpress\/wp-json\/wp\/v2\/users\/1"}],"replies":[{"embeddable":true,"href":"https:\/\/coachingmitpferd.de\/wordpress\/wp-json\/wp\/v2\/comments?post=1097"}],"version-history":[{"count":24,"href":"https:\/\/coachingmitpferd.de\/wordpress\/wp-json\/wp\/v2\/pages\/1097\/revisions"}],"predecessor-version":[{"id":1574,"href":"https:\/\/coachingmitpferd.de\/wordpress\/wp-json\/wp\/v2\/pages\/1097\/revisions\/1574"}],"wp:attachment":[{"href":"https:\/\/coachingmitpferd.de\/wordpress\/wp-json\/wp\/v2\/media?parent=1097"}],"curies":[{"name":"wp","href":"https:\/\/api.w.org\/{rel}","templated":true}]}}