{"id":193,"date":"2011-09-16T10:00:42","date_gmt":"2011-09-16T10:00:42","guid":{"rendered":"http:\/\/coachingmitpferd.de\/wordpress\/?page_id=193"},"modified":"2023-10-05T09:36:01","modified_gmt":"2023-10-05T09:36:01","slug":"teilnahmebedingungen","status":"publish","type":"page","link":"https:\/\/coachingmitpferd.de\/wordpress\/teilnahmebedingungen\/","title":{"rendered":"Teilnahmebedingungen"},"content":{"rendered":"<div>\n<h4>Teilnahmebedingungen f\u00fcr Seminare<\/h4>\n<div>Eine verbindliche Anmeldung kann als Anschreiben, telefonisch, per E-Mail oder per Fax an die <strong>Praxis Jellouschek<\/strong> (<a title=\"Kontakt\" href=\"http:\/\/coachingmitpferd.de\/wordpress\/?page_id=12\">Kontakt<\/a>) erfolgen. Bitte teilen Sie uns dabei Titel und Termin des Seminars mit. Sie erhalten dann eine Nachricht \u00fcber die vorl\u00e4ufige Reservierung oder \u00fcber einen Platz auf der Warteliste. Des weiteren erhalten Sie eine Rechnung \u00fcber den Seminarbeitrag. Sobald wir den Beitrag erhalten haben, sind Sie fest angemeldet und erhalten eine Anmeldebest\u00e4tigung. Bei den SPPC-Modulen erfolgt die Rechnungsstellung im Anschluss an die Termine.<\/div>\n<p>Bis 2 Wochen vor Seminarbeginn berechne ich bei R\u00fccktritt von der Teilnahme eine Bearbeitungsgeb\u00fchr von Euro 30,\u2013. Bei sp\u00e4terem R\u00fccktritt wird der gesamte Teilnahmebetrag f\u00e4llig, au\u00dfer es wird ein Ersatz gefunden. SPPC-Termine k\u00f6nnen bis 48Std. vor dem Termin geb\u00fchrenfrei abgesagt werden. Danach wird der gesamte Betrag f\u00e4llig.<\/p>\n<p>Die <em>CoachingmitPferd<\/em> Seminare sind Outdoor-Veranstaltungen. Wetterbedingt kann daher ein Seminar von Seiten der Veranstalter abgesagt werden oder nur verk\u00fcrzt stattfinden. Bei kompletter Absage wird der Seminarbeitrag zur\u00fcck erstattet oder alternativ kann vom Teilnehmer ein Alternativtermin gebucht werden. Ist das Seminar um die H\u00e4lfte der Zeit gek\u00fcrzt, wird der halbe Beitrag zur\u00fcckerstattet. Dauert das Seminar mehr als die H\u00e4lfte der Zeit, gilt es als gehalten.<\/p>\n<p>&nbsp;<\/p>\n<\/div>\n","protected":false},"excerpt":{"rendered":"<p>Teilnahmebedingungen f\u00fcr Seminare Eine verbindliche Anmeldung kann als Anschreiben, telefonisch, per E-Mail oder per Fax an die Praxis Jellouschek (Kontakt) erfolgen. Bitte teilen Sie uns dabei Titel und Termin des Seminars mit. Sie erhalten dann eine Nachricht \u00fcber die vorl\u00e4ufige &hellip; <a class=\"kt-excerpt-readmore\" href=\"https:\/\/coachingmitpferd.de\/wordpress\/teilnahmebedingungen\/\" aria-label=\"Teilnahmebedingungen\">Read More<\/a><\/p>\n","protected":false},"author":1,"featured_media":0,"parent":0,"menu_order":0,"comment_status":"closed","ping_status":"closed","template":"","meta":{"footnotes":""},"class_list":["post-193","page","type-page","status-publish","hentry"],"_links":{"self":[{"href":"https:\/\/coachingmitpferd.de\/wordpress\/wp-json\/wp\/v2\/pages\/193","targetHints":{"allow":["GET"]}}],"collection":[{"href":"https:\/\/coachingmitpferd.de\/wordpress\/wp-json\/wp\/v2\/pages"}],"about":[{"href":"https:\/\/coachingmitpferd.de\/wordpress\/wp-json\/wp\/v2\/types\/page"}],"author":[{"embeddable":true,"href":"https:\/\/coachingmitpferd.de\/wordpress\/wp-json\/wp\/v2\/users\/1"}],"replies":[{"embeddable":true,"href":"https:\/\/coachingmitpferd.de\/wordpress\/wp-json\/wp\/v2\/comments?post=193"}],"version-history":[{"count":13,"href":"https:\/\/coachingmitpferd.de\/wordpress\/wp-json\/wp\/v2\/pages\/193\/revisions"}],"predecessor-version":[{"id":1406,"href":"https:\/\/coachingmitpferd.de\/wordpress\/wp-json\/wp\/v2\/pages\/193\/revisions\/1406"}],"wp:attachment":[{"href":"https:\/\/coachingmitpferd.de\/wordpress\/wp-json\/wp\/v2\/media?parent=193"}],"curies":[{"name":"wp","href":"https:\/\/api.w.org\/{rel}","templated":true}]}}