{"id":30,"date":"2011-09-07T12:42:34","date_gmt":"2011-09-07T12:42:34","guid":{"rendered":"http:\/\/coachingmitpferd.de\/wordpress\/?page_id=30"},"modified":"2023-10-05T09:35:39","modified_gmt":"2023-10-05T09:35:39","slug":"impressum","status":"publish","type":"page","link":"https:\/\/coachingmitpferd.de\/wordpress\/impressum\/","title":{"rendered":"Impressum"},"content":{"rendered":"<h4>Impressum<\/h4>\n<p><strong>Anbieterkennzeichnung nach \u00a7 6 TDG<\/strong><br \/>\nAnbieter und Verantwortlicher f\u00fcr diese Internet-Domain im Sinne des \u00a7 6 des Gesetzes \u00fcber die Nutzung von Telediensten (TDG) des Gesetzes zur Regelung der Rahmenbedingungen f\u00fcr Informations- und Kommunikationsdienste (IuKDG), und bez\u00fcglich redaktioneller Inhalte, des Presserechts, sowie des \u00a7 6 II des Staatsvertrages \u00fcber Mediendienste (MDStV), ist<\/p>\n<p>Bettina Jellouschek-Otto<br \/>\nBaumgartenring 7<br \/>\nD-72119 Ammerbuch (Entringen)<br \/>\nBaumgartenring 7<br \/>\nTelefon 0 70 73 36 62<br \/>\nTelefax 0 70 73 25 21<br \/>\n<a>B-J-O@t-online.de<\/a><\/p>\n<p><strong>Haftungshinweis:<\/strong><br \/>\nTrotz sorgf\u00e4ltiger inhaltlicher Kontrolle \u00fcbernehmen wir keine Haftung f\u00fcr die Inhalte externer Links. F\u00fcr den Inhalt der verlinkten Seiten sind ausschlie\u00dflich deren Betreiber verantwortlich.<\/p>\n<p>Im Falle von Domainstreitigkeiten oder wettbewerbsrechtlichen und \u00e4hnlichen Problemen bitte ich Sie, zur Vermeidung unn\u00f6tiger Rechtsstreitigkeiten und Kosten, mich bereits im Vorfeld zu kontaktieren. Die Kostennote einer anwaltlichen Abmahnung ohne vorhergehende Kontaktaufnahme mit mir wird im Sinne der Schadensminderungspflicht als unbegr\u00fcndet zur\u00fcckgewiesen.<\/p>\n<p><strong>Copyright:<\/strong><br \/>\nAlle auf dieser Internetpr\u00e4senz verwendeten Texte, Fotos und grafischen Gestaltungen sind urheberrechtlich gesch\u00fctzt. Sollten Sie Teile hiervon verwenden wollen, wenden Sie sich bitte an den Seitenbetreiber. Er wird dann gegebenenfalls den Kontakt zum Urheber oder Nutzungsberechtigten herstellen.<\/p>\n<p><strong>Webdesign:<\/strong><br \/>\nThomas Di Paolo<br \/>\nIllustration + Grafik<br \/>\nD-72108 Rottenburg am Neckar<br \/>\nTel +49 7472 91250<br \/>\n<a href=\"http:\/\/www.dipaolo.de\/\">www.dipaolo.de\u00a0<\/a><\/p>\n","protected":false},"excerpt":{"rendered":"<p>Impressum Anbieterkennzeichnung nach \u00a7 6 TDG Anbieter und Verantwortlicher f\u00fcr diese Internet-Domain im Sinne des \u00a7 6 des Gesetzes \u00fcber die Nutzung von Telediensten (TDG) des Gesetzes zur Regelung der Rahmenbedingungen f\u00fcr Informations- und Kommunikationsdienste (IuKDG), und bez\u00fcglich redaktioneller Inhalte, &hellip; <a class=\"kt-excerpt-readmore\" href=\"https:\/\/coachingmitpferd.de\/wordpress\/impressum\/\" aria-label=\"Impressum\">Read More<\/a><\/p>\n","protected":false},"author":1,"featured_media":0,"parent":0,"menu_order":0,"comment_status":"closed","ping_status":"closed","template":"","meta":{"footnotes":""},"class_list":["post-30","page","type-page","status-publish","hentry"],"_links":{"self":[{"href":"https:\/\/coachingmitpferd.de\/wordpress\/wp-json\/wp\/v2\/pages\/30","targetHints":{"allow":["GET"]}}],"collection":[{"href":"https:\/\/coachingmitpferd.de\/wordpress\/wp-json\/wp\/v2\/pages"}],"about":[{"href":"https:\/\/coachingmitpferd.de\/wordpress\/wp-json\/wp\/v2\/types\/page"}],"author":[{"embeddable":true,"href":"https:\/\/coachingmitpferd.de\/wordpress\/wp-json\/wp\/v2\/users\/1"}],"replies":[{"embeddable":true,"href":"https:\/\/coachingmitpferd.de\/wordpress\/wp-json\/wp\/v2\/comments?post=30"}],"version-history":[{"count":5,"href":"https:\/\/coachingmitpferd.de\/wordpress\/wp-json\/wp\/v2\/pages\/30\/revisions"}],"predecessor-version":[{"id":1405,"href":"https:\/\/coachingmitpferd.de\/wordpress\/wp-json\/wp\/v2\/pages\/30\/revisions\/1405"}],"wp:attachment":[{"href":"https:\/\/coachingmitpferd.de\/wordpress\/wp-json\/wp\/v2\/media?parent=30"}],"curies":[{"name":"wp","href":"https:\/\/api.w.org\/{rel}","templated":true}]}}